{"id":1828,"date":"2025-03-04T15:25:55","date_gmt":"2025-03-04T14:25:55","guid":{"rendered":"https:\/\/locket-transport.com\/?page_id=1828"},"modified":"2025-03-05T15:23:07","modified_gmt":"2025-03-05T14:23:07","slug":"transport-etude-de-faisabilite","status":"publish","type":"page","link":"https:\/\/locket-transport.com\/index.php\/transport-industriel-fonctionnement\/transport-etude-de-faisabilite\/","title":{"rendered":"Qu&rsquo;est-ce qu&rsquo;une \u00e9tude de faisabilit\u00e9 en transport ?"},"content":{"rendered":"\t\t<div data-elementor-type=\"wp-page\" data-elementor-id=\"1828\" class=\"elementor elementor-1828\">\n\t\t\t\t<div class=\"elementor-element elementor-element-002fb27 e-flex e-con-boxed e-con e-parent\" data-id=\"002fb27\" data-element_type=\"container\">\n\t\t\t\t\t<div class=\"e-con-inner\">\n\t\t\t\t<div class=\"elementor-element elementor-element-04397f2 elementor-widget elementor-widget-spacer\" data-id=\"04397f2\" data-element_type=\"widget\" data-widget_type=\"spacer.default\">\n\t\t\t\t<div class=\"elementor-widget-container\">\n\t\t\t\t\t\t\t<div class=\"elementor-spacer\">\n\t\t\t<div class=\"elementor-spacer-inner\"><\/div>\n\t\t<\/div>\n\t\t\t\t\t\t<\/div>\n\t\t\t\t<\/div>\n\t\t\t\t\t<\/div>\n\t\t\t\t<\/div>\n\t\t<div class=\"elementor-element elementor-element-bc17e08 e-flex e-con-boxed e-con e-parent\" data-id=\"bc17e08\" data-element_type=\"container\">\n\t\t\t\t\t<div class=\"e-con-inner\">\n\t\t<div class=\"elementor-element elementor-element-d7999cc e-flex e-con-boxed e-con e-child\" data-id=\"d7999cc\" data-element_type=\"container\">\n\t\t\t\t\t<div class=\"e-con-inner\">\n\t\t\t\t<div class=\"elementor-element elementor-element-f01c880 elementor-widget elementor-widget-heading\" data-id=\"f01c880\" data-element_type=\"widget\" data-widget_type=\"heading.default\">\n\t\t\t\t<div class=\"elementor-widget-container\">\n\t\t\t\t\t<h1 class=\"elementor-heading-title elementor-size-default\">Qu'est-ce qu'une \u00e9tude de faisabilit\u00e9 en transport ?<\/h1>\t\t\t\t<\/div>\n\t\t\t\t<\/div>\n\t\t\t\t\t<\/div>\n\t\t\t\t<\/div>\n\t\t\t\t\t<\/div>\n\t\t\t\t<\/div>\n\t\t<div class=\"elementor-element elementor-element-24fdbfe e-flex e-con-boxed e-con e-parent\" data-id=\"24fdbfe\" data-element_type=\"container\">\n\t\t\t\t\t<div class=\"e-con-inner\">\n\t\t\t\t<div class=\"elementor-element elementor-element-dac1e17 elementor-widget elementor-widget-text-editor\" data-id=\"dac1e17\" data-element_type=\"widget\" data-widget_type=\"text-editor.default\">\n\t\t\t\t<div class=\"elementor-widget-container\">\n\t\t\t\t\t\t\t\t\t<p>Lorsque vous sollicitez une <a href=\"https:\/\/locket-transport.com\/\">soci\u00e9t\u00e9 de transport<\/a>, celle-ci \u00e9tudie votre demande avant de vous remettre un <a href=\"https:\/\/locket-transport.com\/index.php\/contact\/\">devis<\/a>.\u00a0<\/p><p>En effet, le transporteur \u00e9tudie toutes les informations que vous lui avez communiqu\u00e9 sur votre besoin de transport : le <strong>poids<\/strong>, la <strong>taille<\/strong> et la <strong>nature de la charge<\/strong> \u00e0 d\u00e9placer ainsi que le lieu de d\u00e9part et d\u2019arriv\u00e9e.\u00a0<\/p><p>A partir de ces informations, le transporteur v\u00e9rifie qu\u2019il dispose du camion ad\u00e9quat, des <strong>autorisations administratives<\/strong> n\u00e9cessaires, et surtout de sa disponibilit\u00e9 dans son agenda.\u00a0<\/p><p>Si tous les voyants sont au vert alors le <strong>transporteur<\/strong> vous remet un devis et planifie la prestation avec vous.\u00a0<\/p>\t\t\t\t\t\t\t\t<\/div>\n\t\t\t\t<\/div>\n\t\t\t\t\t<\/div>\n\t\t\t\t<\/div>\n\t\t<div class=\"elementor-element elementor-element-5d6d266 e-flex e-con-boxed e-con e-parent\" data-id=\"5d6d266\" data-element_type=\"container\">\n\t\t\t\t\t<div class=\"e-con-inner\">\n\t\t\t\t<div class=\"elementor-element elementor-element-1af1f49 elementor-widget elementor-widget-image\" data-id=\"1af1f49\" data-element_type=\"widget\" data-widget_type=\"image.default\">\n\t\t\t\t<div class=\"elementor-widget-container\">\n\t\t\t\t\t\t\t\t\t\t\t\t\t\t\t<img fetchpriority=\"high\" decoding=\"async\" width=\"1024\" height=\"682\" src=\"https:\/\/locket-transport.com\/wp-content\/uploads\/2024\/12\/etude-faisabilite-1024x682.jpg\" class=\"attachment-large size-large wp-image-1391\" alt=\"Conceptualisation du transport exceptionnel\" srcset=\"https:\/\/locket-transport.com\/wp-content\/uploads\/2024\/12\/etude-faisabilite-1024x682.jpg 1024w, https:\/\/locket-transport.com\/wp-content\/uploads\/2024\/12\/etude-faisabilite-300x200.jpg 300w, https:\/\/locket-transport.com\/wp-content\/uploads\/2024\/12\/etude-faisabilite-768x512.jpg 768w, https:\/\/locket-transport.com\/wp-content\/uploads\/2024\/12\/etude-faisabilite.jpg 1280w\" sizes=\"(max-width: 1024px) 100vw, 1024px\" \/>\t\t\t\t\t\t\t\t\t\t\t\t\t\t\t<\/div>\n\t\t\t\t<\/div>\n\t\t\t\t\t<\/div>\n\t\t\t\t<\/div>\n\t\t<div class=\"elementor-element elementor-element-c1cc08a e-flex e-con-boxed e-con e-parent\" data-id=\"c1cc08a\" data-element_type=\"container\" data-settings=\"{&quot;background_background&quot;:&quot;classic&quot;}\">\n\t\t\t\t\t<div class=\"e-con-inner\">\n\t\t<div class=\"elementor-element elementor-element-4c69342 e-con-full e-flex e-con e-child\" data-id=\"4c69342\" data-element_type=\"container\" data-settings=\"{&quot;background_background&quot;:&quot;classic&quot;}\">\n\t\t\t\t<div class=\"elementor-element elementor-element-db0b01c elementor-widget elementor-widget-heading\" data-id=\"db0b01c\" data-element_type=\"widget\" data-widget_type=\"heading.default\">\n\t\t\t\t<div class=\"elementor-widget-container\">\n\t\t\t\t\t<h5 class=\"elementor-heading-title elementor-size-default\">Contactez-nous ! <\/h5>\t\t\t\t<\/div>\n\t\t\t\t<\/div>\n\t\t<div class=\"elementor-element elementor-element-7e722e8 e-con-full e-flex e-con e-child\" data-id=\"7e722e8\" data-element_type=\"container\">\n\t\t\t\t<div class=\"elementor-element elementor-element-be53c6d elementor-widget elementor-widget-text-editor\" data-id=\"be53c6d\" data-element_type=\"widget\" data-widget_type=\"text-editor.default\">\n\t\t\t\t<div class=\"elementor-widget-container\">\n\t\t\t\t\t\t\t\t\t<p>T\u00e9l : (+33) 06 85 38 38 50<\/p><p>@ : trs.locquet@gmail.com<\/p>\t\t\t\t\t\t\t\t<\/div>\n\t\t\t\t<\/div>\n\t\t\t\t<\/div>\n\t\t<div class=\"elementor-element elementor-element-7f33e41 e-con-full e-flex e-con e-child\" data-id=\"7f33e41\" data-element_type=\"container\">\n\t\t\t\t<div class=\"elementor-element elementor-element-578b8b9 elementor-align-center elementor-widget elementor-widget-button\" data-id=\"578b8b9\" data-element_type=\"widget\" data-widget_type=\"button.default\">\n\t\t\t\t<div class=\"elementor-widget-container\">\n\t\t\t\t\t\t\t\t\t<div class=\"elementor-button-wrapper\">\n\t\t\t\t\t<a class=\"elementor-button elementor-button-link elementor-size-sm\" href=\"https:\/\/locket-transport.com\/index.php\/contact\/\">\n\t\t\t\t\t\t<span class=\"elementor-button-content-wrapper\">\n\t\t\t\t\t\t\t\t\t<span class=\"elementor-button-text\">Devis gratuit<\/span>\n\t\t\t\t\t<\/span>\n\t\t\t\t\t<\/a>\n\t\t\t\t<\/div>\n\t\t\t\t\t\t\t\t<\/div>\n\t\t\t\t<\/div>\n\t\t\t\t<\/div>\n\t\t\t\t<\/div>\n\t\t<div class=\"elementor-element elementor-element-dc24727 e-con-full e-flex e-con e-child\" data-id=\"dc24727\" data-element_type=\"container\" data-settings=\"{&quot;background_background&quot;:&quot;classic&quot;}\">\n\t\t<div class=\"elementor-element elementor-element-bfcc207 e-flex e-con-boxed e-con e-child\" data-id=\"bfcc207\" data-element_type=\"container\">\n\t\t\t\t\t<div class=\"e-con-inner\">\n\t\t<div class=\"elementor-element elementor-element-27a8436 e-con-full e-flex e-con e-child\" data-id=\"27a8436\" data-element_type=\"container\">\n\t\t\t\t<div class=\"elementor-element elementor-element-1e7da33 elementor-widget elementor-widget-image\" data-id=\"1e7da33\" data-element_type=\"widget\" data-widget_type=\"image.default\">\n\t\t\t\t<div class=\"elementor-widget-container\">\n\t\t\t\t\t\t\t\t\t\t\t\t\t\t\t<img decoding=\"async\" width=\"1024\" height=\"299\" src=\"https:\/\/locket-transport.com\/wp-content\/uploads\/2024\/07\/locketTransport_logoTxtGraphisme2-1024x299.png\" class=\"attachment-large size-large wp-image-233\" alt=\"\" srcset=\"https:\/\/locket-transport.com\/wp-content\/uploads\/2024\/07\/locketTransport_logoTxtGraphisme2-1024x299.png 1024w, https:\/\/locket-transport.com\/wp-content\/uploads\/2024\/07\/locketTransport_logoTxtGraphisme2-300x88.png 300w, https:\/\/locket-transport.com\/wp-content\/uploads\/2024\/07\/locketTransport_logoTxtGraphisme2-768x225.png 768w, https:\/\/locket-transport.com\/wp-content\/uploads\/2024\/07\/locketTransport_logoTxtGraphisme2-1536x449.png 1536w, https:\/\/locket-transport.com\/wp-content\/uploads\/2024\/07\/locketTransport_logoTxtGraphisme2-2048x599.png 2048w, https:\/\/locket-transport.com\/wp-content\/uploads\/2024\/07\/locketTransport_logoTxtGraphisme2-600x175.png 600w\" sizes=\"(max-width: 1024px) 100vw, 1024px\" \/>\t\t\t\t\t\t\t\t\t\t\t\t\t\t\t<\/div>\n\t\t\t\t<\/div>\n\t\t\t\t<\/div>\n\t\t<div class=\"elementor-element elementor-element-491f6f3 e-con-full e-flex e-con e-child\" data-id=\"491f6f3\" data-element_type=\"container\">\n\t\t\t\t<div class=\"elementor-element elementor-element-fd7dfaa elementor-widget elementor-widget-text-editor\" data-id=\"fd7dfaa\" data-element_type=\"widget\" data-widget_type=\"text-editor.default\">\n\t\t\t\t<div class=\"elementor-widget-container\">\n\t\t\t\t\t\t\t\t\t<p><strong>Locket Transport, l&rsquo;expert de vos transports quotidiens.<\/strong><\/p>\t\t\t\t\t\t\t\t<\/div>\n\t\t\t\t<\/div>\n\t\t\t\t<\/div>\n\t\t\t\t\t<\/div>\n\t\t\t\t<\/div>\n\t\t\t\t<\/div>\n\t\t\t\t\t<\/div>\n\t\t\t\t<\/div>\n\t\t<div class=\"elementor-element elementor-element-e630996 e-flex e-con-boxed e-con e-parent\" data-id=\"e630996\" data-element_type=\"container\">\n\t\t\t\t\t<div class=\"e-con-inner\">\n\t\t\t\t<div class=\"elementor-element elementor-element-da100e6 elementor-widget elementor-widget-spacer\" data-id=\"da100e6\" data-element_type=\"widget\" data-widget_type=\"spacer.default\">\n\t\t\t\t<div class=\"elementor-widget-container\">\n\t\t\t\t\t\t\t<div class=\"elementor-spacer\">\n\t\t\t<div class=\"elementor-spacer-inner\"><\/div>\n\t\t<\/div>\n\t\t\t\t\t\t<\/div>\n\t\t\t\t<\/div>\n\t\t\t\t\t<\/div>\n\t\t\t\t<\/div>\n\t\t\t\t<\/div>\n\t\t","protected":false},"excerpt":{"rendered":"<p>Qu&rsquo;est-ce qu&rsquo;une \u00e9tude de faisabilit\u00e9 en transport ? Lorsque vous sollicitez une soci\u00e9t\u00e9 de transport, celle-ci \u00e9tudie votre demande avant&#8230;<\/p>\n","protected":false},"author":1,"featured_media":1390,"parent":1713,"menu_order":0,"comment_status":"closed","ping_status":"closed","template":"","meta":{"footnotes":""},"class_list":["post-1828","page","type-page","status-publish","has-post-thumbnail","hentry"],"yoast_head":"<!-- This site is optimized with the Yoast SEO plugin v25.9 - https:\/\/yoast.com\/wordpress\/plugins\/seo\/ -->\n<title>Pourquoi faire une \u00e9tude de faisabilit\u00e9 en transport ? - LOCKET Transport<\/title>\n<meta name=\"description\" content=\"Pour optimiser le co\u00fbt de votre transport, Locket Transport analyse toutes les \u00e9tapes n\u00e9cessaires pour r\u00e9aliser votre transport pas cher.\" \/>\n<meta name=\"robots\" content=\"index, follow, max-snippet:-1, max-image-preview:large, max-video-preview:-1\" \/>\n<link rel=\"canonical\" href=\"https:\/\/locket-transport.com\/index.php\/transport-industriel-fonctionnement\/transport-etude-de-faisabilite\/\" \/>\n<meta property=\"og:locale\" content=\"fr_FR\" \/>\n<meta property=\"og:type\" content=\"article\" \/>\n<meta property=\"og:title\" content=\"Pourquoi faire une \u00e9tude de faisabilit\u00e9 en transport ? - LOCKET Transport\" \/>\n<meta property=\"og:description\" content=\"Pour optimiser le co\u00fbt de votre transport, Locket Transport analyse toutes les \u00e9tapes n\u00e9cessaires pour r\u00e9aliser votre transport pas cher.\" \/>\n<meta property=\"og:url\" content=\"https:\/\/locket-transport.com\/index.php\/transport-industriel-fonctionnement\/transport-etude-de-faisabilite\/\" \/>\n<meta property=\"og:site_name\" content=\"LOCKET Transport\" \/>\n<meta property=\"article:modified_time\" content=\"2025-03-05T14:23:07+00:00\" \/>\n<meta property=\"og:image\" content=\"https:\/\/locket-transport.com\/wp-content\/uploads\/2024\/12\/organisation-transport.jpg\" \/>\n\t<meta property=\"og:image:width\" content=\"854\" \/>\n\t<meta property=\"og:image:height\" content=\"1280\" \/>\n\t<meta property=\"og:image:type\" content=\"image\/jpeg\" \/>\n<meta name=\"twitter:card\" content=\"summary_large_image\" \/>\n<meta name=\"twitter:label1\" content=\"Dur\u00e9e de lecture estim\u00e9e\" \/>\n\t<meta name=\"twitter:data1\" content=\"2 minutes\" \/>\n<script type=\"application\/ld+json\" class=\"yoast-schema-graph\">{\"@context\":\"https:\/\/schema.org\",\"@graph\":[{\"@type\":\"WebPage\",\"@id\":\"https:\/\/locket-transport.com\/index.php\/transport-industriel-fonctionnement\/transport-etude-de-faisabilite\/\",\"url\":\"https:\/\/locket-transport.com\/index.php\/transport-industriel-fonctionnement\/transport-etude-de-faisabilite\/\",\"name\":\"Pourquoi faire une \u00e9tude de faisabilit\u00e9 en transport ? - LOCKET Transport\",\"isPartOf\":{\"@id\":\"https:\/\/locket-transport.com\/#website\"},\"primaryImageOfPage\":{\"@id\":\"https:\/\/locket-transport.com\/index.php\/transport-industriel-fonctionnement\/transport-etude-de-faisabilite\/#primaryimage\"},\"image\":{\"@id\":\"https:\/\/locket-transport.com\/index.php\/transport-industriel-fonctionnement\/transport-etude-de-faisabilite\/#primaryimage\"},\"thumbnailUrl\":\"https:\/\/locket-transport.com\/wp-content\/uploads\/2024\/12\/organisation-transport.jpg\",\"datePublished\":\"2025-03-04T14:25:55+00:00\",\"dateModified\":\"2025-03-05T14:23:07+00:00\",\"description\":\"Pour optimiser le co\u00fbt de votre transport, Locket Transport analyse toutes les \u00e9tapes n\u00e9cessaires pour r\u00e9aliser votre transport pas cher.\",\"breadcrumb\":{\"@id\":\"https:\/\/locket-transport.com\/index.php\/transport-industriel-fonctionnement\/transport-etude-de-faisabilite\/#breadcrumb\"},\"inLanguage\":\"fr-FR\",\"potentialAction\":[{\"@type\":\"ReadAction\",\"target\":[\"https:\/\/locket-transport.com\/index.php\/transport-industriel-fonctionnement\/transport-etude-de-faisabilite\/\"]}]},{\"@type\":\"ImageObject\",\"inLanguage\":\"fr-FR\",\"@id\":\"https:\/\/locket-transport.com\/index.php\/transport-industriel-fonctionnement\/transport-etude-de-faisabilite\/#primaryimage\",\"url\":\"https:\/\/locket-transport.com\/wp-content\/uploads\/2024\/12\/organisation-transport.jpg\",\"contentUrl\":\"https:\/\/locket-transport.com\/wp-content\/uploads\/2024\/12\/organisation-transport.jpg\",\"width\":854,\"height\":1280,\"caption\":\"Etude de faisabilit\u00e9\"},{\"@type\":\"BreadcrumbList\",\"@id\":\"https:\/\/locket-transport.com\/index.php\/transport-industriel-fonctionnement\/transport-etude-de-faisabilite\/#breadcrumb\",\"itemListElement\":[{\"@type\":\"ListItem\",\"position\":1,\"name\":\"Accueil\",\"item\":\"https:\/\/locket-transport.com\/\"},{\"@type\":\"ListItem\",\"position\":2,\"name\":\"Transport industriel : termes &amp; fonctionnement\",\"item\":\"https:\/\/locket-transport.com\/index.php\/transport-industriel-fonctionnement\/\"},{\"@type\":\"ListItem\",\"position\":3,\"name\":\"Qu&rsquo;est-ce qu&rsquo;une \u00e9tude de faisabilit\u00e9 en transport ?\"}]},{\"@type\":\"WebSite\",\"@id\":\"https:\/\/locket-transport.com\/#website\",\"url\":\"https:\/\/locket-transport.com\/\",\"name\":\"LOCKET Transport\",\"description\":\"Le sp\u00e9cialiste qui d\u00e9place vos envies !\",\"publisher\":{\"@id\":\"https:\/\/locket-transport.com\/#organization\"},\"potentialAction\":[{\"@type\":\"SearchAction\",\"target\":{\"@type\":\"EntryPoint\",\"urlTemplate\":\"https:\/\/locket-transport.com\/?s={search_term_string}\"},\"query-input\":{\"@type\":\"PropertyValueSpecification\",\"valueRequired\":true,\"valueName\":\"search_term_string\"}}],\"inLanguage\":\"fr-FR\"},{\"@type\":\"Organization\",\"@id\":\"https:\/\/locket-transport.com\/#organization\",\"name\":\"LOCKET Transport\",\"url\":\"https:\/\/locket-transport.com\/\",\"logo\":{\"@type\":\"ImageObject\",\"inLanguage\":\"fr-FR\",\"@id\":\"https:\/\/locket-transport.com\/#\/schema\/logo\/image\/\",\"url\":\"https:\/\/locket-transport.com\/wp-content\/uploads\/2024\/07\/cropped-locketTransport_logoTxtGraphisme1-2.png\",\"contentUrl\":\"https:\/\/locket-transport.com\/wp-content\/uploads\/2024\/07\/cropped-locketTransport_logoTxtGraphisme1-2.png\",\"width\":1273,\"height\":1102,\"caption\":\"LOCKET Transport\"},\"image\":{\"@id\":\"https:\/\/locket-transport.com\/#\/schema\/logo\/image\/\"}}]}<\/script>\n<!-- \/ Yoast SEO plugin. -->","yoast_head_json":{"title":"Pourquoi faire une \u00e9tude de faisabilit\u00e9 en transport ? - LOCKET Transport","description":"Pour optimiser le co\u00fbt de votre transport, Locket Transport analyse toutes les \u00e9tapes n\u00e9cessaires pour r\u00e9aliser votre transport pas cher.","robots":{"index":"index","follow":"follow","max-snippet":"max-snippet:-1","max-image-preview":"max-image-preview:large","max-video-preview":"max-video-preview:-1"},"canonical":"https:\/\/locket-transport.com\/index.php\/transport-industriel-fonctionnement\/transport-etude-de-faisabilite\/","og_locale":"fr_FR","og_type":"article","og_title":"Pourquoi faire une \u00e9tude de faisabilit\u00e9 en transport ? - LOCKET Transport","og_description":"Pour optimiser le co\u00fbt de votre transport, Locket Transport analyse toutes les \u00e9tapes n\u00e9cessaires pour r\u00e9aliser votre transport pas cher.","og_url":"https:\/\/locket-transport.com\/index.php\/transport-industriel-fonctionnement\/transport-etude-de-faisabilite\/","og_site_name":"LOCKET Transport","article_modified_time":"2025-03-05T14:23:07+00:00","og_image":[{"width":854,"height":1280,"url":"https:\/\/locket-transport.com\/wp-content\/uploads\/2024\/12\/organisation-transport.jpg","type":"image\/jpeg"}],"twitter_card":"summary_large_image","twitter_misc":{"Dur\u00e9e de lecture estim\u00e9e":"2 minutes"},"schema":{"@context":"https:\/\/schema.org","@graph":[{"@type":"WebPage","@id":"https:\/\/locket-transport.com\/index.php\/transport-industriel-fonctionnement\/transport-etude-de-faisabilite\/","url":"https:\/\/locket-transport.com\/index.php\/transport-industriel-fonctionnement\/transport-etude-de-faisabilite\/","name":"Pourquoi faire une \u00e9tude de faisabilit\u00e9 en transport ? - LOCKET Transport","isPartOf":{"@id":"https:\/\/locket-transport.com\/#website"},"primaryImageOfPage":{"@id":"https:\/\/locket-transport.com\/index.php\/transport-industriel-fonctionnement\/transport-etude-de-faisabilite\/#primaryimage"},"image":{"@id":"https:\/\/locket-transport.com\/index.php\/transport-industriel-fonctionnement\/transport-etude-de-faisabilite\/#primaryimage"},"thumbnailUrl":"https:\/\/locket-transport.com\/wp-content\/uploads\/2024\/12\/organisation-transport.jpg","datePublished":"2025-03-04T14:25:55+00:00","dateModified":"2025-03-05T14:23:07+00:00","description":"Pour optimiser le co\u00fbt de votre transport, Locket Transport analyse toutes les \u00e9tapes n\u00e9cessaires pour r\u00e9aliser votre transport pas cher.","breadcrumb":{"@id":"https:\/\/locket-transport.com\/index.php\/transport-industriel-fonctionnement\/transport-etude-de-faisabilite\/#breadcrumb"},"inLanguage":"fr-FR","potentialAction":[{"@type":"ReadAction","target":["https:\/\/locket-transport.com\/index.php\/transport-industriel-fonctionnement\/transport-etude-de-faisabilite\/"]}]},{"@type":"ImageObject","inLanguage":"fr-FR","@id":"https:\/\/locket-transport.com\/index.php\/transport-industriel-fonctionnement\/transport-etude-de-faisabilite\/#primaryimage","url":"https:\/\/locket-transport.com\/wp-content\/uploads\/2024\/12\/organisation-transport.jpg","contentUrl":"https:\/\/locket-transport.com\/wp-content\/uploads\/2024\/12\/organisation-transport.jpg","width":854,"height":1280,"caption":"Etude de faisabilit\u00e9"},{"@type":"BreadcrumbList","@id":"https:\/\/locket-transport.com\/index.php\/transport-industriel-fonctionnement\/transport-etude-de-faisabilite\/#breadcrumb","itemListElement":[{"@type":"ListItem","position":1,"name":"Accueil","item":"https:\/\/locket-transport.com\/"},{"@type":"ListItem","position":2,"name":"Transport industriel : termes &amp; fonctionnement","item":"https:\/\/locket-transport.com\/index.php\/transport-industriel-fonctionnement\/"},{"@type":"ListItem","position":3,"name":"Qu&rsquo;est-ce qu&rsquo;une \u00e9tude de faisabilit\u00e9 en transport ?"}]},{"@type":"WebSite","@id":"https:\/\/locket-transport.com\/#website","url":"https:\/\/locket-transport.com\/","name":"LOCKET Transport","description":"Le sp\u00e9cialiste qui d\u00e9place vos envies !","publisher":{"@id":"https:\/\/locket-transport.com\/#organization"},"potentialAction":[{"@type":"SearchAction","target":{"@type":"EntryPoint","urlTemplate":"https:\/\/locket-transport.com\/?s={search_term_string}"},"query-input":{"@type":"PropertyValueSpecification","valueRequired":true,"valueName":"search_term_string"}}],"inLanguage":"fr-FR"},{"@type":"Organization","@id":"https:\/\/locket-transport.com\/#organization","name":"LOCKET Transport","url":"https:\/\/locket-transport.com\/","logo":{"@type":"ImageObject","inLanguage":"fr-FR","@id":"https:\/\/locket-transport.com\/#\/schema\/logo\/image\/","url":"https:\/\/locket-transport.com\/wp-content\/uploads\/2024\/07\/cropped-locketTransport_logoTxtGraphisme1-2.png","contentUrl":"https:\/\/locket-transport.com\/wp-content\/uploads\/2024\/07\/cropped-locketTransport_logoTxtGraphisme1-2.png","width":1273,"height":1102,"caption":"LOCKET Transport"},"image":{"@id":"https:\/\/locket-transport.com\/#\/schema\/logo\/image\/"}}]}},"_links":{"self":[{"href":"https:\/\/locket-transport.com\/index.php\/wp-json\/wp\/v2\/pages\/1828","targetHints":{"allow":["GET"]}}],"collection":[{"href":"https:\/\/locket-transport.com\/index.php\/wp-json\/wp\/v2\/pages"}],"about":[{"href":"https:\/\/locket-transport.com\/index.php\/wp-json\/wp\/v2\/types\/page"}],"author":[{"embeddable":true,"href":"https:\/\/locket-transport.com\/index.php\/wp-json\/wp\/v2\/users\/1"}],"replies":[{"embeddable":true,"href":"https:\/\/locket-transport.com\/index.php\/wp-json\/wp\/v2\/comments?post=1828"}],"version-history":[{"count":4,"href":"https:\/\/locket-transport.com\/index.php\/wp-json\/wp\/v2\/pages\/1828\/revisions"}],"predecessor-version":[{"id":1834,"href":"https:\/\/locket-transport.com\/index.php\/wp-json\/wp\/v2\/pages\/1828\/revisions\/1834"}],"up":[{"embeddable":true,"href":"https:\/\/locket-transport.com\/index.php\/wp-json\/wp\/v2\/pages\/1713"}],"wp:featuredmedia":[{"embeddable":true,"href":"https:\/\/locket-transport.com\/index.php\/wp-json\/wp\/v2\/media\/1390"}],"wp:attachment":[{"href":"https:\/\/locket-transport.com\/index.php\/wp-json\/wp\/v2\/media?parent=1828"}],"curies":[{"name":"wp","href":"https:\/\/api.w.org\/{rel}","templated":true}]}}