{"id":1865,"date":"2025-03-04T15:54:54","date_gmt":"2025-03-04T14:54:54","guid":{"rendered":"https:\/\/locket-transport.com\/?page_id=1865"},"modified":"2025-03-21T11:20:16","modified_gmt":"2025-03-21T10:20:16","slug":"camion-grue-definition","status":"publish","type":"page","link":"https:\/\/locket-transport.com\/index.php\/transport-industriel-fonctionnement\/camion-grue-definition\/","title":{"rendered":"A quoi sert une grue sur un camion ?"},"content":{"rendered":"\t\t<div data-elementor-type=\"wp-page\" data-elementor-id=\"1865\" class=\"elementor elementor-1865\">\n\t\t\t\t<div class=\"elementor-element elementor-element-d84ff6b e-flex e-con-boxed e-con e-parent\" data-id=\"d84ff6b\" data-element_type=\"container\">\n\t\t\t\t\t<div class=\"e-con-inner\">\n\t\t\t\t<div class=\"elementor-element elementor-element-15a4123 elementor-widget elementor-widget-spacer\" data-id=\"15a4123\" data-element_type=\"widget\" data-widget_type=\"spacer.default\">\n\t\t\t\t<div class=\"elementor-widget-container\">\n\t\t\t\t\t\t\t<div class=\"elementor-spacer\">\n\t\t\t<div class=\"elementor-spacer-inner\"><\/div>\n\t\t<\/div>\n\t\t\t\t\t\t<\/div>\n\t\t\t\t<\/div>\n\t\t\t\t\t<\/div>\n\t\t\t\t<\/div>\n\t\t<div class=\"elementor-element elementor-element-7ed4463 e-flex e-con-boxed e-con e-parent\" data-id=\"7ed4463\" data-element_type=\"container\">\n\t\t\t\t\t<div class=\"e-con-inner\">\n\t\t\t\t<div class=\"elementor-element elementor-element-bb408fc elementor-widget elementor-widget-heading\" data-id=\"bb408fc\" data-element_type=\"widget\" data-widget_type=\"heading.default\">\n\t\t\t\t<div class=\"elementor-widget-container\">\n\t\t\t\t\t<h1 class=\"elementor-heading-title elementor-size-default\">A quoi sert une grue sur un camion ?<\/h1>\t\t\t\t<\/div>\n\t\t\t\t<\/div>\n\t\t\t\t\t<\/div>\n\t\t\t\t<\/div>\n\t\t<div class=\"elementor-element elementor-element-7323d4d e-flex e-con-boxed e-con e-parent\" data-id=\"7323d4d\" data-element_type=\"container\">\n\t\t\t\t\t<div class=\"e-con-inner\">\n\t\t<div class=\"elementor-element elementor-element-7c51f0e e-con-full e-flex e-con e-child\" data-id=\"7c51f0e\" data-element_type=\"container\">\n\t\t\t\t<div class=\"elementor-element elementor-element-564e426 elementor-widget elementor-widget-heading\" data-id=\"564e426\" data-element_type=\"widget\" data-widget_type=\"heading.default\">\n\t\t\t\t<div class=\"elementor-widget-container\">\n\t\t\t\t\t<h2 class=\"elementor-heading-title elementor-size-default\">L\u2019importance d\u2019une grue sur un camion dans le transport et la manutention<\/h2>\t\t\t\t<\/div>\n\t\t\t\t<\/div>\n\t\t\t\t<\/div>\n\t\t<div class=\"elementor-element elementor-element-92070ee e-con-full e-flex e-con e-child\" data-id=\"92070ee\" data-element_type=\"container\">\n\t\t\t\t<div class=\"elementor-element elementor-element-4423706 elementor-widget elementor-widget-text-editor\" data-id=\"4423706\" data-element_type=\"widget\" data-widget_type=\"text-editor.default\">\n\t\t\t\t<div class=\"elementor-widget-container\">\n\t\t\t\t\t\t\t\t\t<p>Dans le secteur du transport et de la logistique, l\u2019usage des camions \u00e9quip\u00e9s d\u2019une grue auxiliaire est indispensable pour de nombreuses <a href=\"https:\/\/locket-transport.com\/index.php\/transport-levage\/transport-manutention-levage\/\">op\u00e9rations de levage et de manutention<\/a>. Chez <a href=\"https:\/\/locket-transport.com\/\"><strong data-start=\"397\" data-end=\"417\">Locket Transport<\/strong><\/a>, nous utilisons ces \u00e9quipements pour optimiser la prise en charge et la livraison de charges lourdes ou encombrantes en toute autonomie.<\/p>\t\t\t\t\t\t\t\t<\/div>\n\t\t\t\t<\/div>\n\t\t\t\t<\/div>\n\t\t<div class=\"elementor-element elementor-element-7fc64a2 e-con-full e-flex e-con e-child\" data-id=\"7fc64a2\" data-element_type=\"container\">\n\t\t\t\t<div class=\"elementor-element elementor-element-8ebc64e elementor-widget elementor-widget-heading\" data-id=\"8ebc64e\" data-element_type=\"widget\" data-widget_type=\"heading.default\">\n\t\t\t\t<div class=\"elementor-widget-container\">\n\t\t\t\t\t<h2 class=\"elementor-heading-title elementor-size-default\">Un outil de levage polyvalent<\/h2>\t\t\t\t<\/div>\n\t\t\t\t<\/div>\n\t\t\t\t<\/div>\n\t\t<div class=\"elementor-element elementor-element-c6a1de0 e-con-full e-flex e-con e-child\" data-id=\"c6a1de0\" data-element_type=\"container\">\n\t\t\t\t<div class=\"elementor-element elementor-element-93deced elementor-widget elementor-widget-text-editor\" data-id=\"93deced\" data-element_type=\"widget\" data-widget_type=\"text-editor.default\">\n\t\t\t\t<div class=\"elementor-widget-container\">\n\t\t\t\t\t\t\t\t\t<p>Une <strong>grue mont\u00e9e<\/strong> sur un porteur permet de charger, d\u00e9charger et positionner des marchandises sans avoir besoin d\u2019une grue mobile externe ou d\u2019un <strong>chariot \u00e9l\u00e9vateur<\/strong>.<\/p><p>Cet atout est crucial sur les chantiers de construction, o\u00f9 l\u2019acc\u00e8s peut \u00eatre restreint et o\u00f9 la rapidit\u00e9 d\u2019ex\u00e9cution est primordiale. Nos <strong>camions \u00e9quip\u00e9s de grues articul\u00e9es<\/strong> sont capables de manipuler des palettes de mat\u00e9riaux, des \u00e9l\u00e9ments de charpente, des <a href=\"https:\/\/locket-transport.com\/index.php\/transport-levage\/demenagement-transfert\/\">machines industrielles<\/a> ou encore des structures m\u00e9talliques avec une grande pr\u00e9cision.<\/p>\t\t\t\t\t\t\t\t<\/div>\n\t\t\t\t<\/div>\n\t\t\t\t<\/div>\n\t\t<div class=\"elementor-element elementor-element-4909aa3 e-con-full e-flex e-con e-child\" data-id=\"4909aa3\" data-element_type=\"container\">\n\t\t\t\t<div class=\"elementor-element elementor-element-081cc84 elementor-widget elementor-widget-heading\" data-id=\"081cc84\" data-element_type=\"widget\" data-widget_type=\"heading.default\">\n\t\t\t\t<div class=\"elementor-widget-container\">\n\t\t\t\t\t<h2 class=\"elementor-heading-title elementor-size-default\">Un gain de temps et d\u2019autonomie<\/h2>\t\t\t\t<\/div>\n\t\t\t\t<\/div>\n\t\t\t\t<\/div>\n\t\t\t\t<div class=\"elementor-element elementor-element-72d0d4f elementor-widget elementor-widget-text-editor\" data-id=\"72d0d4f\" data-element_type=\"widget\" data-widget_type=\"text-editor.default\">\n\t\t\t\t<div class=\"elementor-widget-container\">\n\t\t\t\t\t\t\t\t\t<p data-start=\"1155\" data-end=\"1464\">En int\u00e9grant un <strong>bras hydraulique<\/strong> directement sur le camion, nous r\u00e9duisons le besoin en main-d\u2019\u0153uvre suppl\u00e9mentaire et optimisons les d\u00e9lais de livraison. Cela nous permet d\u2019op\u00e9rer efficacement dans des environnements complexes, comme les zones urbaines denses ou les <a href=\"https:\/\/locket-transport.com\/index.php\/transport-levage\/transport-acces-difficile\/\">chantiers difficiles d\u2019acc\u00e8s<\/a>.<\/p>\t\t\t\t\t\t\t\t<\/div>\n\t\t\t\t<\/div>\n\t\t<div class=\"elementor-element elementor-element-1613764 e-con-full e-flex e-con e-child\" data-id=\"1613764\" data-element_type=\"container\">\n\t\t\t\t<div class=\"elementor-element elementor-element-91a1070 elementor-widget elementor-widget-heading\" data-id=\"91a1070\" data-element_type=\"widget\" data-widget_type=\"heading.default\">\n\t\t\t\t<div class=\"elementor-widget-container\">\n\t\t\t\t\t<h2 class=\"elementor-heading-title elementor-size-default\">S\u00e9curit\u00e9 et performance<\/h2>\t\t\t\t<\/div>\n\t\t\t\t<\/div>\n\t\t\t\t<\/div>\n\t\t<div class=\"elementor-element elementor-element-f1f5649 e-con-full e-flex e-con e-child\" data-id=\"f1f5649\" data-element_type=\"container\">\n\t\t\t\t<div class=\"elementor-element elementor-element-bcbfef7 elementor-widget elementor-widget-text-editor\" data-id=\"bcbfef7\" data-element_type=\"widget\" data-widget_type=\"text-editor.default\">\n\t\t\t\t<div class=\"elementor-widget-container\">\n\t\t\t\t\t\t\t\t\t<p data-start=\"1501\" data-end=\"1821\">Nos chauffeurs sont sp\u00e9cialement form\u00e9s \u00e0 la manipulation des <strong>grues auxiliaires<\/strong> afin d\u2019assurer des op\u00e9rations s\u00e9curis\u00e9es, conformes aux normes en vigueur. Gr\u00e2ce aux stabilisateurs et aux <strong>syst\u00e8mes de t\u00e9l\u00e9guidage<\/strong>, nous garantissons un levage pr\u00e9cis et ma\u00eetris\u00e9, minimisant ainsi les risques de basculement ou d\u2019accident.<\/p><p data-start=\"1823\" data-end=\"1994\">En r\u00e9sum\u00e9, la <strong>grue sur camion<\/strong> est un atout incontournable pour <strong data-start=\"1886\" data-end=\"1906\">Locket Transport<\/strong>, garantissant flexibilit\u00e9, s\u00e9curit\u00e9 et efficacit\u00e9 dans toutes nos interventions.<\/p>\t\t\t\t\t\t\t\t<\/div>\n\t\t\t\t<\/div>\n\t\t\t\t<\/div>\n\t\t\t\t\t<\/div>\n\t\t\t\t<\/div>\n\t\t<div class=\"elementor-element elementor-element-7286f3f e-flex e-con-boxed e-con e-parent\" data-id=\"7286f3f\" data-element_type=\"container\">\n\t\t\t\t\t<div class=\"e-con-inner\">\n\t\t<div class=\"elementor-element elementor-element-f143d0a e-flex e-con-boxed e-con e-child\" data-id=\"f143d0a\" data-element_type=\"container\">\n\t\t\t\t\t<div class=\"e-con-inner\">\n\t\t\t\t<div class=\"elementor-element elementor-element-3f2614f elementor-widget elementor-widget-image\" data-id=\"3f2614f\" data-element_type=\"widget\" data-widget_type=\"image.default\">\n\t\t\t\t<div class=\"elementor-widget-container\">\n\t\t\t\t\t\t\t\t\t\t\t\t\t\t\t<img fetchpriority=\"high\" decoding=\"async\" width=\"768\" height=\"1152\" src=\"https:\/\/locket-transport.com\/wp-content\/uploads\/2025\/03\/ThanitApril_25-768x1152.jpg\" class=\"attachment-medium_large size-medium_large wp-image-1871\" alt=\"Illustration d&#039;un camion entrain de lever une voiture et de la charger sur son plateau.\" srcset=\"https:\/\/locket-transport.com\/wp-content\/uploads\/2025\/03\/ThanitApril_25-768x1152.jpg 768w, https:\/\/locket-transport.com\/wp-content\/uploads\/2025\/03\/ThanitApril_25-200x300.jpg 200w, https:\/\/locket-transport.com\/wp-content\/uploads\/2025\/03\/ThanitApril_25-683x1024.jpg 683w, https:\/\/locket-transport.com\/wp-content\/uploads\/2025\/03\/ThanitApril_25-1024x1536.jpg 1024w, https:\/\/locket-transport.com\/wp-content\/uploads\/2025\/03\/ThanitApril_25-1365x2048.jpg 1365w, https:\/\/locket-transport.com\/wp-content\/uploads\/2025\/03\/ThanitApril_25-scaled.jpg 1707w\" sizes=\"(max-width: 768px) 100vw, 768px\" \/>\t\t\t\t\t\t\t\t\t\t\t\t\t\t\t<\/div>\n\t\t\t\t<\/div>\n\t\t\t\t\t<\/div>\n\t\t\t\t<\/div>\n\t\t\t\t\t<\/div>\n\t\t\t\t<\/div>\n\t\t<div class=\"elementor-element elementor-element-a372509 e-flex e-con-boxed e-con e-parent\" data-id=\"a372509\" data-element_type=\"container\" data-settings=\"{&quot;background_background&quot;:&quot;classic&quot;}\">\n\t\t\t\t\t<div class=\"e-con-inner\">\n\t\t<div class=\"elementor-element elementor-element-ec6e5bc e-con-full e-flex e-con e-child\" data-id=\"ec6e5bc\" data-element_type=\"container\" data-settings=\"{&quot;background_background&quot;:&quot;classic&quot;}\">\n\t\t\t\t<div class=\"elementor-element elementor-element-da88035 elementor-widget elementor-widget-heading\" data-id=\"da88035\" data-element_type=\"widget\" data-widget_type=\"heading.default\">\n\t\t\t\t<div class=\"elementor-widget-container\">\n\t\t\t\t\t<h5 class=\"elementor-heading-title elementor-size-default\">Contactez-nous ! <\/h5>\t\t\t\t<\/div>\n\t\t\t\t<\/div>\n\t\t<div class=\"elementor-element elementor-element-493343f e-con-full e-flex e-con e-child\" data-id=\"493343f\" data-element_type=\"container\">\n\t\t\t\t<div class=\"elementor-element elementor-element-d29672d elementor-widget elementor-widget-text-editor\" data-id=\"d29672d\" data-element_type=\"widget\" data-widget_type=\"text-editor.default\">\n\t\t\t\t<div class=\"elementor-widget-container\">\n\t\t\t\t\t\t\t\t\t<p>T\u00e9l : (+33) 06 85 38 38 50<\/p><p>@ : trs.locquet@gmail.com<\/p>\t\t\t\t\t\t\t\t<\/div>\n\t\t\t\t<\/div>\n\t\t\t\t<\/div>\n\t\t<div class=\"elementor-element elementor-element-88eb708 e-con-full e-flex e-con e-child\" data-id=\"88eb708\" data-element_type=\"container\">\n\t\t\t\t<div class=\"elementor-element elementor-element-59fb92e elementor-align-center elementor-widget elementor-widget-button\" data-id=\"59fb92e\" data-element_type=\"widget\" data-widget_type=\"button.default\">\n\t\t\t\t<div class=\"elementor-widget-container\">\n\t\t\t\t\t\t\t\t\t<div class=\"elementor-button-wrapper\">\n\t\t\t\t\t<a class=\"elementor-button elementor-button-link elementor-size-sm\" href=\"https:\/\/locket-transport.com\/index.php\/contact\/\">\n\t\t\t\t\t\t<span class=\"elementor-button-content-wrapper\">\n\t\t\t\t\t\t\t\t\t<span class=\"elementor-button-text\">Devis gratuit<\/span>\n\t\t\t\t\t<\/span>\n\t\t\t\t\t<\/a>\n\t\t\t\t<\/div>\n\t\t\t\t\t\t\t\t<\/div>\n\t\t\t\t<\/div>\n\t\t\t\t<\/div>\n\t\t\t\t<\/div>\n\t\t<div class=\"elementor-element elementor-element-0e2f6bf e-con-full e-flex e-con e-child\" data-id=\"0e2f6bf\" data-element_type=\"container\" data-settings=\"{&quot;background_background&quot;:&quot;classic&quot;}\">\n\t\t<div class=\"elementor-element elementor-element-2b72feb e-flex e-con-boxed e-con e-child\" data-id=\"2b72feb\" data-element_type=\"container\">\n\t\t\t\t\t<div class=\"e-con-inner\">\n\t\t<div class=\"elementor-element elementor-element-121d34d e-con-full e-flex e-con e-child\" data-id=\"121d34d\" data-element_type=\"container\">\n\t\t\t\t<div class=\"elementor-element elementor-element-46b6749 elementor-widget elementor-widget-image\" data-id=\"46b6749\" data-element_type=\"widget\" data-widget_type=\"image.default\">\n\t\t\t\t<div class=\"elementor-widget-container\">\n\t\t\t\t\t\t\t\t\t\t\t\t\t\t\t<img decoding=\"async\" width=\"1024\" height=\"299\" src=\"https:\/\/locket-transport.com\/wp-content\/uploads\/2024\/07\/locketTransport_logoTxtGraphisme2-1024x299.png\" class=\"attachment-large size-large wp-image-233\" alt=\"\" srcset=\"https:\/\/locket-transport.com\/wp-content\/uploads\/2024\/07\/locketTransport_logoTxtGraphisme2-1024x299.png 1024w, https:\/\/locket-transport.com\/wp-content\/uploads\/2024\/07\/locketTransport_logoTxtGraphisme2-300x88.png 300w, https:\/\/locket-transport.com\/wp-content\/uploads\/2024\/07\/locketTransport_logoTxtGraphisme2-768x225.png 768w, https:\/\/locket-transport.com\/wp-content\/uploads\/2024\/07\/locketTransport_logoTxtGraphisme2-1536x449.png 1536w, https:\/\/locket-transport.com\/wp-content\/uploads\/2024\/07\/locketTransport_logoTxtGraphisme2-2048x599.png 2048w, https:\/\/locket-transport.com\/wp-content\/uploads\/2024\/07\/locketTransport_logoTxtGraphisme2-600x175.png 600w\" sizes=\"(max-width: 1024px) 100vw, 1024px\" \/>\t\t\t\t\t\t\t\t\t\t\t\t\t\t\t<\/div>\n\t\t\t\t<\/div>\n\t\t\t\t<\/div>\n\t\t<div class=\"elementor-element elementor-element-4ba60a9 e-con-full e-flex e-con e-child\" data-id=\"4ba60a9\" data-element_type=\"container\">\n\t\t\t\t<div class=\"elementor-element elementor-element-33c5b85 elementor-widget elementor-widget-text-editor\" data-id=\"33c5b85\" data-element_type=\"widget\" data-widget_type=\"text-editor.default\">\n\t\t\t\t<div class=\"elementor-widget-container\">\n\t\t\t\t\t\t\t\t\t<p><strong>Locket Transport, l&rsquo;expert de vos transports quotidiens.<\/strong><\/p>\t\t\t\t\t\t\t\t<\/div>\n\t\t\t\t<\/div>\n\t\t\t\t<\/div>\n\t\t\t\t\t<\/div>\n\t\t\t\t<\/div>\n\t\t\t\t<\/div>\n\t\t\t\t\t<\/div>\n\t\t\t\t<\/div>\n\t\t\t\t<\/div>\n\t\t","protected":false},"excerpt":{"rendered":"<p>A quoi sert une grue sur un camion ? L\u2019importance d\u2019une grue sur un camion dans le transport et la&#8230;<\/p>\n","protected":false},"author":1,"featured_media":1687,"parent":1713,"menu_order":0,"comment_status":"closed","ping_status":"closed","template":"","meta":{"footnotes":""},"class_list":["post-1865","page","type-page","status-publish","has-post-thumbnail","hentry"],"yoast_head":"<!-- This site is optimized with the Yoast SEO plugin v25.9 - https:\/\/yoast.com\/wordpress\/plugins\/seo\/ -->\n<title>A quoi sert une grue sur un camion ? - LOCKET Transport<\/title>\n<meta name=\"description\" content=\"Le camion grue est tr\u00e8s utile pour toutes les op\u00e9rations de levage et manutention \u00e0 faire sur des chantiers ou des zones difficiles d&#039;acc\u00e8s.\" \/>\n<meta name=\"robots\" content=\"index, follow, max-snippet:-1, max-image-preview:large, max-video-preview:-1\" \/>\n<link rel=\"canonical\" href=\"https:\/\/locket-transport.com\/index.php\/transport-industriel-fonctionnement\/camion-grue-definition\/\" \/>\n<meta property=\"og:locale\" content=\"fr_FR\" \/>\n<meta property=\"og:type\" content=\"article\" \/>\n<meta property=\"og:title\" content=\"A quoi sert une grue sur un camion ? - LOCKET Transport\" \/>\n<meta property=\"og:description\" content=\"Le camion grue est tr\u00e8s utile pour toutes les op\u00e9rations de levage et manutention \u00e0 faire sur des chantiers ou des zones difficiles d&#039;acc\u00e8s.\" \/>\n<meta property=\"og:url\" content=\"https:\/\/locket-transport.com\/index.php\/transport-industriel-fonctionnement\/camion-grue-definition\/\" \/>\n<meta property=\"og:site_name\" content=\"LOCKET Transport\" \/>\n<meta property=\"article:modified_time\" content=\"2025-03-21T10:20:16+00:00\" \/>\n<meta property=\"og:image\" content=\"https:\/\/locket-transport.com\/wp-content\/uploads\/2025\/02\/camion-avec-grue.jpg\" \/>\n\t<meta property=\"og:image:width\" content=\"1280\" \/>\n\t<meta property=\"og:image:height\" content=\"838\" \/>\n\t<meta property=\"og:image:type\" content=\"image\/jpeg\" \/>\n<meta name=\"twitter:card\" content=\"summary_large_image\" \/>\n<meta name=\"twitter:label1\" content=\"Dur\u00e9e de lecture estim\u00e9e\" \/>\n\t<meta name=\"twitter:data1\" content=\"3 minutes\" \/>\n<script type=\"application\/ld+json\" class=\"yoast-schema-graph\">{\"@context\":\"https:\/\/schema.org\",\"@graph\":[{\"@type\":\"WebPage\",\"@id\":\"https:\/\/locket-transport.com\/index.php\/transport-industriel-fonctionnement\/camion-grue-definition\/\",\"url\":\"https:\/\/locket-transport.com\/index.php\/transport-industriel-fonctionnement\/camion-grue-definition\/\",\"name\":\"A quoi sert une grue sur un camion ? - LOCKET Transport\",\"isPartOf\":{\"@id\":\"https:\/\/locket-transport.com\/#website\"},\"primaryImageOfPage\":{\"@id\":\"https:\/\/locket-transport.com\/index.php\/transport-industriel-fonctionnement\/camion-grue-definition\/#primaryimage\"},\"image\":{\"@id\":\"https:\/\/locket-transport.com\/index.php\/transport-industriel-fonctionnement\/camion-grue-definition\/#primaryimage\"},\"thumbnailUrl\":\"https:\/\/locket-transport.com\/wp-content\/uploads\/2025\/02\/camion-avec-grue.jpg\",\"datePublished\":\"2025-03-04T14:54:54+00:00\",\"dateModified\":\"2025-03-21T10:20:16+00:00\",\"description\":\"Le camion grue est tr\u00e8s utile pour toutes les op\u00e9rations de levage et manutention \u00e0 faire sur des chantiers ou des zones difficiles d'acc\u00e8s.\",\"breadcrumb\":{\"@id\":\"https:\/\/locket-transport.com\/index.php\/transport-industriel-fonctionnement\/camion-grue-definition\/#breadcrumb\"},\"inLanguage\":\"fr-FR\",\"potentialAction\":[{\"@type\":\"ReadAction\",\"target\":[\"https:\/\/locket-transport.com\/index.php\/transport-industriel-fonctionnement\/camion-grue-definition\/\"]}]},{\"@type\":\"ImageObject\",\"inLanguage\":\"fr-FR\",\"@id\":\"https:\/\/locket-transport.com\/index.php\/transport-industriel-fonctionnement\/camion-grue-definition\/#primaryimage\",\"url\":\"https:\/\/locket-transport.com\/wp-content\/uploads\/2025\/02\/camion-avec-grue.jpg\",\"contentUrl\":\"https:\/\/locket-transport.com\/wp-content\/uploads\/2025\/02\/camion-avec-grue.jpg\",\"width\":1280,\"height\":838},{\"@type\":\"BreadcrumbList\",\"@id\":\"https:\/\/locket-transport.com\/index.php\/transport-industriel-fonctionnement\/camion-grue-definition\/#breadcrumb\",\"itemListElement\":[{\"@type\":\"ListItem\",\"position\":1,\"name\":\"Accueil\",\"item\":\"https:\/\/locket-transport.com\/\"},{\"@type\":\"ListItem\",\"position\":2,\"name\":\"Transport industriel : termes &amp; fonctionnement\",\"item\":\"https:\/\/locket-transport.com\/index.php\/transport-industriel-fonctionnement\/\"},{\"@type\":\"ListItem\",\"position\":3,\"name\":\"A quoi sert une grue sur un camion ?\"}]},{\"@type\":\"WebSite\",\"@id\":\"https:\/\/locket-transport.com\/#website\",\"url\":\"https:\/\/locket-transport.com\/\",\"name\":\"LOCKET Transport\",\"description\":\"Le sp\u00e9cialiste qui d\u00e9place vos envies !\",\"publisher\":{\"@id\":\"https:\/\/locket-transport.com\/#organization\"},\"potentialAction\":[{\"@type\":\"SearchAction\",\"target\":{\"@type\":\"EntryPoint\",\"urlTemplate\":\"https:\/\/locket-transport.com\/?s={search_term_string}\"},\"query-input\":{\"@type\":\"PropertyValueSpecification\",\"valueRequired\":true,\"valueName\":\"search_term_string\"}}],\"inLanguage\":\"fr-FR\"},{\"@type\":\"Organization\",\"@id\":\"https:\/\/locket-transport.com\/#organization\",\"name\":\"LOCKET Transport\",\"url\":\"https:\/\/locket-transport.com\/\",\"logo\":{\"@type\":\"ImageObject\",\"inLanguage\":\"fr-FR\",\"@id\":\"https:\/\/locket-transport.com\/#\/schema\/logo\/image\/\",\"url\":\"https:\/\/locket-transport.com\/wp-content\/uploads\/2024\/07\/cropped-locketTransport_logoTxtGraphisme1-2.png\",\"contentUrl\":\"https:\/\/locket-transport.com\/wp-content\/uploads\/2024\/07\/cropped-locketTransport_logoTxtGraphisme1-2.png\",\"width\":1273,\"height\":1102,\"caption\":\"LOCKET Transport\"},\"image\":{\"@id\":\"https:\/\/locket-transport.com\/#\/schema\/logo\/image\/\"}}]}<\/script>\n<!-- \/ Yoast SEO plugin. -->","yoast_head_json":{"title":"A quoi sert une grue sur un camion ? - LOCKET Transport","description":"Le camion grue est tr\u00e8s utile pour toutes les op\u00e9rations de levage et manutention \u00e0 faire sur des chantiers ou des zones difficiles d'acc\u00e8s.","robots":{"index":"index","follow":"follow","max-snippet":"max-snippet:-1","max-image-preview":"max-image-preview:large","max-video-preview":"max-video-preview:-1"},"canonical":"https:\/\/locket-transport.com\/index.php\/transport-industriel-fonctionnement\/camion-grue-definition\/","og_locale":"fr_FR","og_type":"article","og_title":"A quoi sert une grue sur un camion ? - LOCKET Transport","og_description":"Le camion grue est tr\u00e8s utile pour toutes les op\u00e9rations de levage et manutention \u00e0 faire sur des chantiers ou des zones difficiles d'acc\u00e8s.","og_url":"https:\/\/locket-transport.com\/index.php\/transport-industriel-fonctionnement\/camion-grue-definition\/","og_site_name":"LOCKET Transport","article_modified_time":"2025-03-21T10:20:16+00:00","og_image":[{"width":1280,"height":838,"url":"https:\/\/locket-transport.com\/wp-content\/uploads\/2025\/02\/camion-avec-grue.jpg","type":"image\/jpeg"}],"twitter_card":"summary_large_image","twitter_misc":{"Dur\u00e9e de lecture estim\u00e9e":"3 minutes"},"schema":{"@context":"https:\/\/schema.org","@graph":[{"@type":"WebPage","@id":"https:\/\/locket-transport.com\/index.php\/transport-industriel-fonctionnement\/camion-grue-definition\/","url":"https:\/\/locket-transport.com\/index.php\/transport-industriel-fonctionnement\/camion-grue-definition\/","name":"A quoi sert une grue sur un camion ? - LOCKET Transport","isPartOf":{"@id":"https:\/\/locket-transport.com\/#website"},"primaryImageOfPage":{"@id":"https:\/\/locket-transport.com\/index.php\/transport-industriel-fonctionnement\/camion-grue-definition\/#primaryimage"},"image":{"@id":"https:\/\/locket-transport.com\/index.php\/transport-industriel-fonctionnement\/camion-grue-definition\/#primaryimage"},"thumbnailUrl":"https:\/\/locket-transport.com\/wp-content\/uploads\/2025\/02\/camion-avec-grue.jpg","datePublished":"2025-03-04T14:54:54+00:00","dateModified":"2025-03-21T10:20:16+00:00","description":"Le camion grue est tr\u00e8s utile pour toutes les op\u00e9rations de levage et manutention \u00e0 faire sur des chantiers ou des zones difficiles d'acc\u00e8s.","breadcrumb":{"@id":"https:\/\/locket-transport.com\/index.php\/transport-industriel-fonctionnement\/camion-grue-definition\/#breadcrumb"},"inLanguage":"fr-FR","potentialAction":[{"@type":"ReadAction","target":["https:\/\/locket-transport.com\/index.php\/transport-industriel-fonctionnement\/camion-grue-definition\/"]}]},{"@type":"ImageObject","inLanguage":"fr-FR","@id":"https:\/\/locket-transport.com\/index.php\/transport-industriel-fonctionnement\/camion-grue-definition\/#primaryimage","url":"https:\/\/locket-transport.com\/wp-content\/uploads\/2025\/02\/camion-avec-grue.jpg","contentUrl":"https:\/\/locket-transport.com\/wp-content\/uploads\/2025\/02\/camion-avec-grue.jpg","width":1280,"height":838},{"@type":"BreadcrumbList","@id":"https:\/\/locket-transport.com\/index.php\/transport-industriel-fonctionnement\/camion-grue-definition\/#breadcrumb","itemListElement":[{"@type":"ListItem","position":1,"name":"Accueil","item":"https:\/\/locket-transport.com\/"},{"@type":"ListItem","position":2,"name":"Transport industriel : termes &amp; fonctionnement","item":"https:\/\/locket-transport.com\/index.php\/transport-industriel-fonctionnement\/"},{"@type":"ListItem","position":3,"name":"A quoi sert une grue sur un camion ?"}]},{"@type":"WebSite","@id":"https:\/\/locket-transport.com\/#website","url":"https:\/\/locket-transport.com\/","name":"LOCKET Transport","description":"Le sp\u00e9cialiste qui d\u00e9place vos envies !","publisher":{"@id":"https:\/\/locket-transport.com\/#organization"},"potentialAction":[{"@type":"SearchAction","target":{"@type":"EntryPoint","urlTemplate":"https:\/\/locket-transport.com\/?s={search_term_string}"},"query-input":{"@type":"PropertyValueSpecification","valueRequired":true,"valueName":"search_term_string"}}],"inLanguage":"fr-FR"},{"@type":"Organization","@id":"https:\/\/locket-transport.com\/#organization","name":"LOCKET Transport","url":"https:\/\/locket-transport.com\/","logo":{"@type":"ImageObject","inLanguage":"fr-FR","@id":"https:\/\/locket-transport.com\/#\/schema\/logo\/image\/","url":"https:\/\/locket-transport.com\/wp-content\/uploads\/2024\/07\/cropped-locketTransport_logoTxtGraphisme1-2.png","contentUrl":"https:\/\/locket-transport.com\/wp-content\/uploads\/2024\/07\/cropped-locketTransport_logoTxtGraphisme1-2.png","width":1273,"height":1102,"caption":"LOCKET Transport"},"image":{"@id":"https:\/\/locket-transport.com\/#\/schema\/logo\/image\/"}}]}},"_links":{"self":[{"href":"https:\/\/locket-transport.com\/index.php\/wp-json\/wp\/v2\/pages\/1865","targetHints":{"allow":["GET"]}}],"collection":[{"href":"https:\/\/locket-transport.com\/index.php\/wp-json\/wp\/v2\/pages"}],"about":[{"href":"https:\/\/locket-transport.com\/index.php\/wp-json\/wp\/v2\/types\/page"}],"author":[{"embeddable":true,"href":"https:\/\/locket-transport.com\/index.php\/wp-json\/wp\/v2\/users\/1"}],"replies":[{"embeddable":true,"href":"https:\/\/locket-transport.com\/index.php\/wp-json\/wp\/v2\/comments?post=1865"}],"version-history":[{"count":7,"href":"https:\/\/locket-transport.com\/index.php\/wp-json\/wp\/v2\/pages\/1865\/revisions"}],"predecessor-version":[{"id":1875,"href":"https:\/\/locket-transport.com\/index.php\/wp-json\/wp\/v2\/pages\/1865\/revisions\/1875"}],"up":[{"embeddable":true,"href":"https:\/\/locket-transport.com\/index.php\/wp-json\/wp\/v2\/pages\/1713"}],"wp:featuredmedia":[{"embeddable":true,"href":"https:\/\/locket-transport.com\/index.php\/wp-json\/wp\/v2\/media\/1687"}],"wp:attachment":[{"href":"https:\/\/locket-transport.com\/index.php\/wp-json\/wp\/v2\/media?parent=1865"}],"curies":[{"name":"wp","href":"https:\/\/api.w.org\/{rel}","templated":true}]}}